(x) - h(x). List the prime factors of c(3).
5
Suppose 57*x = 221583 - 27555. List the prime factors of x.
2, 23, 37
Let u be 1/2 + 4/(-8). Suppose 2*i + 2*i - 468 = u. List the prime factors of i.
3, 13
Let x(z) = -z - 1. Let t be x(-4). Suppose 20 + 61 = t*p. Suppose -p = 3*o - 6*o. What are the prime factors of o?
3
Let u = -580 + 1236. List the prime factors of u.
2, 41
List the prime factors of -2 - 15/(-6) - (-18376)/16.
3, 383
Suppose -6 + 8 = r. Suppose 0 = -v - r + 8. What are the prime factors of v?
2, 3
Let r(k) = -k**3 + 12*k**2 + 7*k - 8. Let f be r(12). Suppose 0*t - 4*t - f = -4*w, 2*w - 5*t - 50 = 0. Suppose 4*d = 89 + w. List the prime factors of d.
2, 13
Let s(u) = u**3 - 7*u**2 - 9*u + 7. What are the prime factors of s(10)?
7, 31
Let x(q) be the first derivative of -3 + 1/2*q**2 + 1/3*q**3 - q. What are the prime factors of x(4)?
19
Let h = 108 - 109. Let p(b) = -27*b + 5. List the prime factors of p(h).
2
Let a(l) = 2*l**2 - 3*l**2 - 15 - 20*l + 2*l**2 + 4*l. Let q be a(-10). Suppose 6 = -3*c, 3*x + 57 = c + q. List the prime factors of x.
2, 31
Suppose 0*k + 34 = f + 5*k, -98 = -5*f - k. Suppose -5*h + f = -11. List the prime factors of h.
2, 3
Let q(b) be the third derivative of 5*b**2 + 1/30*b**5 + 0*b**3 + 0*b + 0 + 1/24*b**4 - 3/20*b**6. What are the prime factors of q(-1)?
19
Let x be 10/(-4)*90/(-75). What are the prime factors of ((-1802)/(-51))/(2/x)?
53
Let z be (-17)/(425/(-60)) - 2/5. Suppose -210 = -3*v + k, z*k - 219 = -5*v + 2*v. List the prime factors of v.
71
Suppose 9136 = -73*i + 81*i. What are the prime factors of i?
2, 571
Suppose -4*o - c = 67, -4*o + 20 = -5*o + 3*c. Let p = o - -23. What are the prime factors of p/(-7)*(-8 - 20)?
2, 3
Let h(s) = 116*s**3 - 2*s**2 + 19*s - 37. List the prime factors of h(2).
3, 307
Suppose 4 = -f - 2*c, -4*c + 1 + 21 = -f. Let p be ((-28)/f)/(14/70). Suppose -p + 137 = 3*w. List the prime factors of w.
41
Suppose -3*f = -g - 1540, 2*f - 14*g - 1031 = -9*g. What are the prime factors of f?
3, 19
Let y(l) = -l**2 - 4 - l - l + 6 - 4*l. Let o be y(-6). Suppose -o*r - 3*r + 49 = 3*q, 4*q - 5*r = 112. List the prime factors of q.
23
Suppose 3*m - 5*m + 8 = 0. Let w be 39/(-65) + m/(-10). List the prime factors of 15/5 - w*14.
17
Let a = 2885 - 1830. List the prime factors of a.
5, 211
Suppose 0 = 19*l - 20*l + 61. What are the prime factors of l?
61
Let s = -14 + 27. Suppose 0 = -s*g + 17*g. Suppose 3*p = -g + 117. What are the prime factors of p?
3, 13
List the prime factors of -1 - (-23)/21 - (-30842)/294.
3, 5, 7
Suppose -2*i - 1 = 2*n - 7, -2*i = n - 5. Suppose -i*a + 25 = 9. What are the prime factors of a?
2
Let j(q) = q - 7. Let k = -10 + 2. Let c(n) = -n**3 - 8*n**2 - n + 6. Let d be c(k). List the prime factors of j(d).
7
Let u(c) = -c**2 + c + 1. Let h be u(2). What are the prime factors of (-28)/h*9/6*1?
2, 3, 7
Suppose 8*g - 9*g + 7 = 0. List the prime factors of 136*(-1 + 4)*g/42.
2, 17
Suppose -3198 + 38538 = 10*g. What are the prime factors of g?
2, 3, 19, 31
Suppose -3524 = -3*n + 4*j, 6*n = n + j + 5845. List the prime factors of n.
2, 73
Suppose 18 = -0*q + 2*q. Suppose 4*p - q*p = -340. List the prime factors of p.
2, 17
Let f = 1165 + 620. List the prime factors of f.
3, 5, 7, 17
Let g = -13 + 19. Let j = 10 - g. What are the prime factors of ((-34)/j - -2)*-8?
2, 13
Let t(i) = i**2 - 8*i - 9. Let j be t(9). Suppose j*p = 3*p - 66. Let l = 0 + p. List the prime factors of l.
2, 11
Let u(g) = -g**3 - g + g + 2*g**2 + 5*g**2 + 11*g - 11. List the prime factors of u(7).
2, 3, 11
Suppose -6402 + 42262 = 10*d. List the prime factors of d.
2, 11, 163
Let m = 29 - 25. Let c(v) = 2*v**2 + 4*v + 3. What are the prime factors of c(m)?
3, 17
Suppose 0 = 3*a - 1847 - 310. Suppose -11*t + 216 + a = 0. List the prime factors of t.
5, 17
Let x be 45/10*10/3. Suppose 2*h + 2*d - 97 = x, -76 = -h + 3*d. What are the prime factors of h?
61
What are the prime factors of (744/(-9))/(2/(-9))?
2, 3, 31
Suppose 0 = 4*k - 5*k - 10. Let v(j) = -j**3 - 23*j**2 + 10*j + 10. Let p(c) = 3*c**2 + c - 1. Let o(u) = 5*p(u) + v(u). What are the prime factors of o(k)?
5, 11
Let s(x) = x. Let u(n) = 3*n. Let w(m) = 4*s(m) - u(m). What are the prime factors of w(10)?
2, 5
Suppose -358 - 2 = -10*k. Suppose 41*v - k*v - 190 = 0. List the prime factors of v.
2, 19
Let u = -1 + 46. Suppose b + 11 = 4*o, -4*b + u = b + 5*o. What are the prime factors of b?
5
Let c(a) = -a + 1. Let f be -1 + -2 + -11 + 2. List the prime factors of c(f).
13
Let t(m) = -m**3 + m**2 - m + 562. Let h be t(0). Let d = -251 + h. List the prime factors of d.
311
Let q(z) = -2*z - 5. Let x be q(2). Let p(a) = -a**3 - 10*a**2 - 2*a + 11. Let g be p(x). What are the prime factors of (-8)/(-2*(-4)/g)?
2, 13
Let h(y) = -y**3 - 7*y**2 + 19*y - 3. Let f be h(-8). Let b = 157 + f. List the prime factors of b.
2, 3, 11
Let y be 0*1/(-2)*-1. List the prime factors of (-1 - (15/(-6) - y))*58.
3, 29
Let l(r) = 3*r**3 - 2*r - 8. What are the prime factors of l(6)?
2, 157
Let h(t) be the first derivative of 4 + 6*t - 1/3*t**3 - 3*t**2. List the prime factors of h(-6).
2, 3
Suppose -14*a + 15*a = -4. Let j be (-180)/a + (-1)/1. Suppose -j - 84 = -2*z. List the prime factors of z.
2
Suppose 3*s + s - 4*l + 20 = 0, -3*s + l - 13 = 0. Let p(x) = -16*x**2 + 5*x + 6. Let g be p(s). What are the prime factors of g/(-12) - 1/2?
2, 11
Let v = 97 - 89. What are the prime factors of v?
2
Suppose -2*i + 854 = 2*k, 5*k - 3*i - 1261 = 866. What are the prime factors of k?
2, 3, 71
Let l = -36 - -94. List the prime factors of (-27)/135 + l/10*9.
2, 13
Suppose 0 = t - 2, 4*w - 3*t = w. Let x be (-50)/125 + 407/5. Suppose -x = -k - w*k. What are the prime factors of k?
3
Let i be (-1)/(-2) + (-9)/18. Suppose 0 = -5*x - i*x. Suppose -17 = -x*p - p. List the prime factors of p.
17
Suppose 3*p + p - 4 = 0, -p + 12 = k. Let a = k - -11. List the prime factors of a.
2, 11
Suppose 0*k - 2*k - 122 = -4*m, -k = 5. Suppose -q + m = q. Suppose 2*b = b + q. List the prime factors of b.
2, 7
Suppose 0 = 2*c + 8, -4*t + 6*c - 112 = c. Suppose x - 3 = -0, -5*s + 5*x = 105. Let m = s - t. What are the prime factors of m?
3, 5
Let x be 4190/95 + -4 + 12/(-114). Let b(g) = -4*g**3 - g**2 - g - 1. Let c be b(-1). Suppose -x = -c*u - n, -5*n + 0 = 3*u - 20. List the prime factors of u.
3, 5
Let a(o) = 5*o**2 - 11*o + 20. Let n be 6 + 3/(-6)*(-1 + 1). List the prime factors of a(n).
2, 67
Suppose 0 = -l + 1 + 4. Suppose l*x - 31 = -3*q, -9*q + 20 = -5*q - 4*x. What are the prime factors of (-14)/q - 6*-2?
2, 5
What are the prime factors of 506 + -10 + -1 + 11?
2, 11, 23
Let l(m) be the third derivative of -m**4/24 - 7*m**3/6 - 10*m**2. What are the prime factors of l(-12)?
5
Suppose -5*b + 15 = -2*j - 3*j, -4*j = -5*b + 15. Suppose 5*i = -3*a + 289, -2*a = -j*i + i - 55. What are the prime factors of i?
59
Let d = 20 + -18. Suppose 1 = d*x - 3. List the prime factors of 1 + 2/x + 2.
2
Suppose 0 = -b - 20 + 23. Suppose g + 402 = b*z + 2*g, -3*z + 4*g = -417. List the prime factors of z.
3, 5
Suppose -4*z - 5*m + 18 = 0, -4 = -z - m - 0*m. What are the prime factors of z/(-8) - (-3285)/(-20)*-1?
2, 41
Suppose 5 = 2*y + 3. Let j(z) = 60*z**3 - z**2 + 1. List the prime factors of j(y).
2, 3, 5
Let k be (-168)/9 - (-8)/(-6). Let q = -19 - k. Suppose -5*i + 4*p + 14 = 0, -2*i - 3*p + 25 = q. What are the prime factors of i?
2, 3
Let h(d) be the first derivative of -5*d**2/2 - 18*d - 5. List the prime factors of h(-8).
2, 11
Let b(q) = 2*q**2 - 14*q - 38. Let j be b(25). Suppose 4*g = 2*c + j, -1061 = -5*g - 3*c - 0*c. List the prime factors of g.
2, 107
Let z = -2310 - -5298. What are the prime factors of z?
2, 3, 83
Let p = -5127 + 8866. List the prime factors of p.
3739
List the prime factors of (333/(-15))/(4/(160/(-12))).
2, 37
Suppose 14 = -2*f + 4*f. Let u(r) be the third derivative of -r**4/12 + 17*r**3/6 - 33*r**2. List the prime factors of u(f).
3
Let b = -40 + 29. Suppose -4*d = 2*l + 16, 5*l + 3*d = -2*d - 55. Let g = b - l. List the prime factors of g.
3
Suppose 0 = -l - 4 + 12. Suppose -4*g + l*g = -16. Let a(s) = -s**3 - s**2 + 4*s + 5. List the prime factors of a(g).
37
Suppose 0 = j - 5*c - 34, 0 = 2*j - 3*c - 9 - 24. Suppose -f + j*f = 232. List the pr